2?
-24058
In base 8, what is 5771 - 762?
5007
In base 10, what is -183986633 - -1?
-183986632
In base 8, what is 5 - 22765762?
-22765755
In base 12, what is -4b600b7 - 2?
-4b600b9
In base 5, what is 1214 - 3324021?
-3322302
In base 13, what is -1c0123a - -4?
-1c01236
In base 7, what is -5030110 + 634?
-5026143
In base 13, what is 1ac + 17b08?
17cb7
In base 13, what is 8ba4 - ca?
8aa7
In base 15, what is c - -21119?
21126
In base 7, what is -535134244 + -5?
-535134252
In base 3, what is 21 + -122011211121212?
-122011211121121
In base 16, what is b9f3 + 1cdd?
d6d0
In base 5, what is 202404410 - 2?
202404403
In base 11, what is -58a4306 + -1?
-58a4307
In base 16, what is 204c - 6f?
1fdd
In base 9, what is 151 + -58637?
-58476
In base 11, what is 11 - 2011?
-2000
In base 3, what is 10111221210002222012 - 2?
10111221210002222010
In base 10, what is 6512 - -1289?
7801
In base 12, what is -11912b9b - 5?
-11912ba4
In base 3, what is -22112 + -10120100?
-10212212
In base 16, what is 1a4 + f6d6?
f87a
In base 4, what is -3130132 - 323223?
-10120021
In base 16, what is -3d298 - 15c?
-3d3f4
In base 6, what is 13 + 14310211?
14310224
In base 5, what is 0 - -244041042?
244041042
In base 15, what is -1b1849d + -1?
-1b1849e
In base 9, what is -5043801 + -1?
-5043802
In base 13, what is -5 + -3bc44520?
-3bc44525
In base 14, what is -72 - 8419a1?
-841a33
In base 8, what is -3514 - -700?
-2614
In base 6, what is 2351 - 204251?
-201500
In base 10, what is -3741 - -444?
-3297
In base 3, what is 2 - -10101102111020?
10101102111022
In base 6, what is 1521 + 45210?
51131
In base 8, what is -2 - -1103764620?
1103764616
In base 5, what is 4 - -3240100443?
3240101002
In base 15, what is -218abd31 + -2?
-218abd33
In base 6, what is -32332 + -2041?
-34413
In base 2, what is 100 - 10011111000000011001100?
-10011111000000011001000
In base 4, what is 2133 + -122222333?
-122220200
In base 6, what is -44311453 - -122?
-44311331
In base 15, what is -6 - 14849e?
-1484a5
In base 10, what is -1 - 9730564?
-9730565
In base 16, what is 1 + 42e1ca?
42e1cb
In base 7, what is -3014 + -1034314?
-1040331
In base 4, what is 2031333032020 + -10?
2031333032010
In base 9, what is 0 + 887821445?
887821445
In base 2, what is 1000000001010111 - 101101111010011?
10010010000100
In base 6, what is -24400 + -301?
-25101
In base 8, what is 5 - 33353032?
-33353025
In base 3, what is 122212 - 102020012002?
-102012112020
In base 14, what is 1 - 2405d23a?
-2405d239
In base 12, what is -396912b + 15?
-3969116
In base 6, what is 51213 + -2034224?
-1543011
In base 9, what is 2 + 54771036?
54771038
In base 6, what is -4010132200 - 21?
-4010132221
In base 11, what is 8 - 1458088?
-1458080
In base 14, what is 4d5aab0 - 2?
4d5aaac
In base 9, what is -1004 - 1118?
-2123
In base 5, what is 1 + -10434002300?
-10434002244
In base 12, what is 19787a + 64?
197922
In base 10, what is 5768 - 2483?
3285
In base 13, what is 4 + 2010cc2?
2010cc6
In base 7, what is 11205 - -413252?
424460
In base 5, what is 20233333024 + 0?
20233333024
In base 14, what is 2a4c - 1489?
15a3
In base 8, what is 1134 + 21126?
22262
In base 2, what is -1100110111 + 111100100011001?
111010111100010
In base 2, what is 111001110101110101111 + -11010000?
111001110101011011111
In base 16, what is c - -156704?
156710
In base 10, what is 10 + -219578?
-219568
In base 11, what is 142 + 140781?
140913
In base 4, what is -22312110122003 + 3?
-22312110122000
In base 15, what is 5db - -ec55?
10341
In base 12, what is -35 - -25a4a5?
25a470
In base 6, what is -330034241 + 21?
-330034220
In base 6, what is -5 + -1202152104?
-1202152113
In base 15, what is 5842 - a353?
-4a11
In base 16, what is -5b9064 + 0?
-5b9064
In base 8, what is -53 + 4376420?
4376345
In base 10, what is -252 + 4497?
4245
In base 2, what is -100 + -1111101111001111011110010?
-1111101111001111011110110
In base 16, what is 29736800 + 0?
29736800
In base 2, what is 10000010001101011101 + -101100?
10000010001100110001
In base 16, what is 4 - bc436fc?
-bc436f8
In base 7, what is 4 - 21200030?
-21200023
In base 7, what is -5015 - 25352?
-33400
In base 5, what is -2324000120 + -4?
-2324000124
In base 8, what is 1571 + 425123?
426714
In base 5, what is 422332 - 312140?
110142
In base 8, what is -704 + -413303?
-414207
In base 9, what is -11 + 305243027?
305243016
In base 12, what is -3 - 3517b75?
-3517b78
In base 16, what is 149ff9 - -4?
149ffd
In base 7, what is -112113600 - -4?
-112113563
In base 15, what is 9bbb9 - -3c8?
9c092
In base 2, what is 111001101 - 10011000010101101?
-10010111011100000
In base 13, what is 974 - 3122?
-247b
In base 12, what is -4201ab7 + 16?
-4201aa1
In base 13, what is -12a77 - 131?
-12ba8
In base 2, what is 1100011001001001010101011 + -10?
1100011001001001010101001
In base 14, what is -26770bb - -1?
-26770ba
In base 11, what is -28 - 398391?
-398409
In base 7, what is -2331 - 3021651?
-3024312
In base 13, what is -29393 - 3146?
-2c509
In base 16, what is -7ae3 - -4b93?
-2f50
In base 12, what is 17923020 - -3?
17923023
In base 16, what is 2019ae2f + 4?
2019ae33
In base 2, what is 1010101111001011000 + 100101001?
1010101111110000001
In base 3, what is 20212 - 10220110202?
-10220012220
In base 7, what is -4335 - -3565?
-440
In base 9, what is 305 - 368?
-63
In base 14, what is 4619da - -4?
461a00
In base 11, what is 58 + 43169a7?
4316a54
In base 11, what is 88 + -55798?
-55710
In base 5, what is 4140 + 1122144?
1131334
In base 5, what is -43 - 1223232231?
-1223232324
In base 16, what is -b + -472e344?
-472e34f
In base 15, what is 73a229 - 5d?
73a1bb
In base 13, what is a + -145779b?
-1457791
In base 5, what is -4433 - 2120440?
-2130423
In base 15, what is -4992 - 56?
-49e8
In base 9, what is 13 + -30380103?
-30380080
In base 16, what is 2a82e2 - -89?
2a836b
In base 3, what is -1000200020 - -2110112?
-221012201
In base 15, what is -8 + -67cb9?
-67cc2
In base 7, what is 40311454 + 61?
40311545
In base 12, what is a596145 - 0?
a596145
In base 10, what is -4197065 + -6?
-4197071
In base 2, what is -11010000001001010110111 + 101?
-11010000001001010110010
In base 15, what is 66 - -7b816?
7b87c
In base 13, what is 1c145 + 26?
1c16b
In base 8, what is -1341631 + -105?
-1341736
In base 11, what is 13399182 - -4?
13399186
In base 3, what is -1020020 + -101020022?
-102110112
In base 7, what is -1012043 + 1255?
-1010455
In base 11, what is -138869 - -140?
-138729
In base 11, what is 4 - -865123?
865127
In base 13, what is 3 - 68c395?
-68c392
In base 12, what is 302356354 + 1?
302356355
In base 8, what is -1421 - 3654465?
-3656106
In base 9, what is 0 + 123124283?
123124283
In base 14, what is 2 - -143002?
143004
In base 11, what is 153a13496 - 0?
153a13496
In base 9, what is 387120 - -1171?
388301
In base 13, what is -7b5 - -1a6?
-60c
In base 9, what is 132 - -4800581?
4800723
In base 2, what is 10001010001111100101011 - 0?
10001010001111100101011
In base 10, what is 1733932 + 3?
1733935
In base 8, what is -112765307 + 10?
-112765277
In base 13, what is 23c19001 - -2?
23c19003
In base 16, what is 305 - 6d8a?
-6a85
In base 15, what is 29e7 - -1e5e?
4956
In base 2, what is -11101010011011110010000 - -1101001?
-11101010011011100100111
In base 5, what is -10042 + -43211421?
-43222013
In base 13, what is -22471 + -10?
-22481
In base 3, what is -202101222 - -2022112?
-200002110
In base 14, what is -17d - 5968?
-5b07
In base 7, what is 1442133 - 3266?
1435534
In base 8, what is 1 - 1121760?
-1121757
In base 5, what is -12 + 11122431121?
11122431104
In base 16, what is 0 - -9ede4b?
9ede4b
In base 7, what is 141206542 + -2?
141206540
In base 5, what is 1222304430 - 31?
1222304344
In base 10, what is 248 - 4007421?
-4007173
In base 5, what is -12314 - 310441144?
-311004013
In base 3, what is 1000 + 11110100220020?
11110100221020
In base 14, what is 36a2c - -560?
3718c
In base 3, what is -10 + 10001211212101?
10001211212021
In base 14, what is -1c16699 - 0?
-1c16699
In base 16, what is -a - -285d1e1?
285d1d7
In base 12, what is -3a35 - -10b66?
9131
In base 8, what is 575233 - 34?
575177
In base 16, what is 193 + 18e0?
1a73
In base 16, what is 2e8de - -73?
2e951
In base 7, what is -1022045 + 106?
-1021636
In base 7, what is -1425 + -2150252?
-2152010
In base 10, what is -6537212 - -5?
-65